r when 8/18*18/4 is divided by u.
0
Suppose 0*o + 4*o - 8 = 0. Let v(p) = p**2 + 12*p - 28. Let k be v(-15). Calculate the remainder when k/o*(-1 + 3) is divided by 10.
7
Suppose l + 2*i - 6 = 300, 2*l - i - 617 = 0. Suppose 0*j + 4*j = l. Let k = -55 + j. Calculate the remainder when 85 is divided by k.
19
Suppose -6 = 3*m, 0 = -4*s - 3*m + 2*m + 78. Calculate the remainder when s is divided by 3.
2
Calculate the remainder when (70/3 + 4)*3 is divided by 21.
19
Let i be -2 - (-1)/(1*(-4)/8). Let y be ((-4)/10)/((-2)/(-40)). What is the remainder when 50 is divided by (13/i)/(2/y)?
11
Let c be (-1 + -7)*(-1)/2. Let o = c - 1. Calculate the remainder when 0 + -1 + 2 + 7 is divided by o.
2
Let a = 12 + -15. Calculate the remainder when -4*a/24*34 is divided by 9.
8
Let k = -3 - -56. What is the remainder when k is divided by 15?
8
Let x = 28 - 13. Calculate the remainder when x is divided by 6.
3
Let k = 26 - 21. Let i(g) = g**3 + 9*g**2 + 7*g + 10. Let z(s) = -s - 15. Let v be z(-7). Calculate the remainder when i(v) is divided by k.
3
Let b = 33 + -27. What is the remainder when 23 is divided by b?
5
Suppose d = -5*w + 29, 0 = -5*d - 0*d - w + 73. Let i = 25 + d. Suppose 0 = -g - 9 + i. What is the remainder when g is divided by 11?
8
Let z = 28 - 9. Calculate the remainder when (3/(-4))/(1/(-96)) is divided by z.
15
Let r(m) = -m + 17. Let z be r(12). Suppose 5*x - 340 = -z*q, -5*x = -0*x + 3*q - 342. Calculate the remainder when x is divided by 24.
21
Let g be -31*3*16/(-12). What is the remainder when 94 is divided by 20/(-25) - g/(-5)?
22
Let h(u) = 4*u**3 - 2*u**2 - 2*u + 1. Let c be h(3). Suppose c = p + 4*p. What is the remainder when 50 is divided by p?
16
Let v = -15 + 25. Calculate the remainder when v is divided by 3.
1
Let d = 7 - -1. What is the remainder when 22 is divided by d?
6
Let d = -6 + 52. Suppose 4*k + d = -2*f + 4*f, 3*f = -k + 48. Calculate the remainder when f is divided by 6.
5
Suppose 0 = -3*v + 5*c + 20 + 32, 0 = 4*v - 3*c - 51. Calculate the remainder when 12 is divided by v.
3
Suppose 0*n - 5*n + 5*h + 310 = 0, -3*n = -4*h - 182. What is the remainder when n is divided by 14?
10
Suppose -3*z - 1 = 2*i, 4*i - 5 = -2*z - 3. Let a(s) = 13*s**3 + s**2 - s + 1. What is the remainder when 25 is divided by a(i)?
11
Let n be (-1)/((-15)/6 + 2). What is the remainder when 7 is divided by n*-4*4/(-8)?
3
Suppose -83 = -5*j + 2. What is the remainder when j is divided by 9?
8
Let s = 44 - -17. Let x(k) = -k**2 - 9*k + 2. What is the remainder when s is divided by x(-7)?
13
Suppose 0*r = 5*r - 10. Suppose 2*t + 3*i = 106, r*i + 2*i = 3*t - 176. Calculate the remainder when t is divided by 19.
18
Suppose 7*v = 4*v + 54. Calculate the remainder when 69 is divided by v.
15
Suppose -3*i - 6 = -i. Let a be (-4)/i*(1 + 2). Let n = a - 1. What is the remainder when 7 is divided by n?
1
Suppose -3*d + 3 = -p - 1, p = d. What is the remainder when 7 is divided by p?
1
Suppose 0*c = c - 19. Suppose 0 = -5*d - 10, 2*t + 0*d - 18 = 2*d. Calculate the remainder when c is divided by t.
5
Let r(u) = 3*u**2 + 12*u + 2. What is the remainder when r(-7) is divided by 17?
14
Let v be -4 + (-24)/(-4) + -5. What is the remainder when (-4)/((24/52)/v) is divided by 9?
8
Let f(x) = 2*x + 4. Let q be ((-2)/(-6))/((-1)/(-15)). Let b = q - 1. Calculate the remainder when 34 is divided by f(b).
10
What is the remainder when 53 is divided by 237/18 - (-40)/48?
11
Let y(o) = 3*o**2 - 3*o - 13. Calculate the remainder when y(5) is divided by 8/(-2 + (-5)/(-2)).
15
Let w = -18 + 16. Calculate the remainder when ((-39)/(-12))/(w/(-8)) is divided by 8.
5
Let w(f) = -f**3 - 6*f**2 + 8*f - 1. Let m be w(-7). Calculate the remainder when 6 is divided by (-2)/((-4)/m - 1).
2
Suppose 2*x + 0*x - 4 = 0. Let b be 6/(-5)*(-30)/9. What is the remainder when x is divided by ((8/b)/(-2))/(-1)?
0
Let m = 0 - -21. Suppose -13*s - 8 = -12*s. Let c = s + m. What is the remainder when c is divided by 7?
6
Suppose 4 = 2*c - 26. Suppose 3*t - 30 - c = 0. Calculate the remainder when t is divided by 9.
6
Suppose 2*i + 5 - 31 = 0. Let a be (-18)/(-4) + 2/(-4). Suppose a*n + d + 2*d = 90, -34 = -n + 5*d. What is the remainder when n is divided by i?
11
Let f(q) be the first derivative of -5*q**2/2 - 8*q + 2. What is the remainder when 21 is divided by f(-4)?
9
Let f(z) = -5*z + 8. Let t be f(-11). Suppose 3*m = -0*m + t. Suppose 5*p - 206 = -6. What is the remainder when p is divided by m?
19
Let i(z) = 3*z**2 + 12 + 8*z - 2*z**2 + 0*z**2. Calculate the remainder when 23 is divided by i(-8).
11
Let z = 0 - 0. Let w = 20 - 4. Let s = z + w. What is the remainder when s is divided by 6?
4
Let x(z) = z**2 - 8*z - 1. Suppose 15*p - 36 = 11*p. Calculate the remainder when 31 is divided by x(p).
7
Let k = 0 + 2. Let v(o) = 3*o**k - 4*o + 6*o + 2*o + 5*o**3 - 4 - 6*o**3. Calculate the remainder when 14 is divided by v(3).
6
What is the remainder when 65 is divided by (-34)/(-4)*((-12)/6 - -4)?
14
Suppose -2*o + 5*y + 10 = y, 4*o = -2*y + 40. Let c = 141 - 124. Calculate the remainder when c is divided by o.
8
Suppose 26 = 5*j - 3*d, 3*j + 3*d - 10 = -j. Suppose -2*r + 6 = n - 15, 2*r = n - 1. What is the remainder when n is divided by j?
3
Let y(t) = -t**3 - 2*t**2 - 7*t - 9. Let q(x) = 3*x - 3. What is the remainder when y(-3) is divided by q(5)?
9
Let p(z) = z**2 + 2*z - 5. Suppose k - 43 + 14 = 0. Calculate the remainder when k is divided by p(-5).
9
Suppose -5*s + 2*t = 6*t + 106, 3*t = 5*s + 78. Let v = s + 25. Calculate the remainder when 24 is divided by v.
3
Let k(i) = 2*i + 10. Let v be k(-7). Let x = -5 + 4. Let q = x - v. What is the remainder when 4 is divided by q?
1
Let y = 27 + -19. What is the remainder when 29 is divided by y?
5
Suppose -3 - 24 = -3*w. Let a be -79*((-4)/(-2) - 3). Suppose 0 = 4*y - 0*k - 5*k - a, -5*k = 4*y - 129. Calculate the remainder when y is divided by w.
8
Let f(a) = 6*a**2 - 11*a + 2. What is the remainder when f(5) is divided by 50?
47
Let c = 72 - 59. What is the remainder when (-1)/2 - (-141)/6 is divided by c?
10
Suppose 0*g + 8 = g. Suppose 2*s + 72 = 5*s. What is the remainder when 740/s - 1/(-6) is divided by g?
7
Let u(h) = 4*h**2 - 2*h + 4. Let q be u(2). What is the remainder when (8/q)/((-1)/(-36)) is divided by 7?
4
Suppose -6*t - 4 + 40 = 0. Calculate the remainder when t is divided by 3.
0
Let j(c) be the third derivative of c**5/60 + c**4/4 + c**3/3 + c**2. What is the remainder when 53 is divided by j(-8)?
17
Suppose -2*s - 5*d = -90 + 25, 212 = 5*s - 4*d. Suppose 5*l + 42 = 112. Calculate the remainder when s is divided by l.
12
Let b(h) = h**3 - 2*h**2 - 4*h - 9. Calculate the remainder when b(5) is divided by 25.
21
Suppose 3 = 4*a - 3*a. Suppose a*c = c + 80. Calculate the remainder when c is divided by 83/4 + 1/4.
19
Let h be 61/4 - (-3)/(-12). Suppose k - 3*z = 9, -4*z + 1 = k - h. What is the remainder when 1*-1 + (-70)/(-2) is divided by k?
10
Suppose m = -5*c - 21 - 24, -5*c = 2*m + 50. Calculate the remainder when 4 is divided by (1/2)/((-2)/c).
0
Let t(l) = -l**3 + 4*l**2 + 3*l + 15. What is the remainder when 16 is divided by t(5)?
1
Let h = -12 - -39. Calculate the remainder when 49 is divided by h.
22
Suppose 2*b - f - 10 = 0, 2*b + 3*f = -0*f + 10. Suppose 4*d - 11 = a, b*a + 7*d = 3*d - 7. Let m = 11 - a. Calculate the remainder when 27 is divided by m.
13
Let b(n) = 13*n + 1. What is the remainder when 55 is divided by b(1)?
13
Calculate the remainder when (-1)/(-2) - (-1955)/34 is divided by 20.
18
Suppose 0 = 2*y - u - 471, 3*u = -2*u + 25. Suppose 34 = -4*c - v + y, -2*c = 2*v - 108. What is the remainder when (16/(-10))/((-4)/c) is divided by 7?
6
Let a = 9 - 5. Suppose a*v - 31 = 5*z, -28 = -3*v - 4*z + 34. What is the remainder when v is divided by 8?
6
Suppose 0*n - 6 = -2*n. Suppose -q = n*q - 52. What is the remainder when (-4)/8 + 98/4 is divided by q?
11
Let n = -43 - -66. Suppose 2*t - 6*t + 4 = 0, -2*j + 5*t = -173. Calculate the remainder when j is divided by n.
20
Suppose 5*f - 11 = 14. Let w = -4 + f. Calculate the remainder when 1 is divided by w.
0
Let v(a) = -a**3 - 6*a**2 - 4*a + 6. Let l be v(-5). Suppose -4*t - l = -5*t. Calculate the remainder when t is divided by 1.
0
Suppose 2 - 38